29, 43, 24749
List the prime factors of 42980088.
2, 3, 29, 37, 1669
What are the prime factors of 671033140?
2, 5, 67, 619, 809
List the prime factors of 4913166410.
2, 5, 17911, 27431
List the prime factors of 140276324.
2, 37, 281, 3373
List the prime factors of 900225022.
2, 37, 127, 95789
What are the prime factors of 27019285?
5, 1777, 3041
What are the prime factors of 4498886?
2, 7, 29, 1583
List the prime factors of 525088811.
13, 2393, 16879
List the prime factors of 270229019.
37, 911, 8017
List the prime factors of 589044439.
3433, 171583
What are the prime factors of 388760955?
3, 5, 11, 2356127
What are the prime factors of 2037206844?
2, 3, 1091, 51869
What are the prime factors of 103864938?
2, 3, 17310823
List the prime factors of 451617831.
3, 7, 61, 117517
What are the prime factors of 705515870?
2, 5, 70551587
List the prime factors of 2069389354.
2, 37, 461, 60661
What are the prime factors of 938896507?
938896507
What are the prime factors of 1554782105?
5, 73, 4259677
List the prime factors of 1544503782.
2, 3, 139, 229, 8087
What are the prime factors of 1875673912?
2, 7, 239, 140143
What are the prime factors of 2177933556?
2, 3, 1283, 141461
List the prime factors of 82987994.
2, 47, 882851
What are the prime factors of 502224907?
43, 541, 21589
What are the prime factors of 193171816?
2, 17, 631, 2251
List the prime factors of 1055597532.
2, 3, 11, 7996951
List the prime factors of 36819964.
2, 23, 400217
What are the prime factors of 495713962?
2, 467, 530743
What are the prime factors of 230865777?
3, 25651753
List the prime factors of 157840119.
3, 41, 427751
List the prime factors of 568464752.
2, 35529047
What are the prime factors of 447095722?
2, 223547861
What are the prime factors of 37398864?
2, 3, 29, 67, 401
What are the prime factors of 131595140?
2, 5, 19, 346303
List the prime factors of 2463322954.
2, 23, 89, 97, 6203
List the prime factors of 633435933.
3, 13, 16241947
What are the prime factors of 143083736?
2, 23, 37, 21017
What are the prime factors of 4816626694?
2, 11, 17, 12878681
List the prime factors of 922084311.
3, 179, 1093, 1571
What are the prime factors of 1513101361?
29, 52175909
List the prime factors of 505504820.
2, 5, 25275241
List the prime factors of 7957932639.
3, 10211, 259783
What are the prime factors of 903352970?
2, 5, 13, 17, 151, 2707
What are the prime factors of 5218287?
3, 71, 24499
What are the prime factors of 5142999?
3, 41, 41813
What are the prime factors of 1293094179?
3, 13, 3684029
What are the prime factors of 37748014?
2, 23, 820609
List the prime factors of 2271624246.
2, 3, 126201347
What are the prime factors of 106024670?
2, 5, 43, 246569
List the prime factors of 199832977.
17, 11754881
What are the prime factors of 65144841?
3, 21714947
What are the prime factors of 61779084?
2, 3, 5148257
What are the prime factors of 1800161282?
2, 103, 313, 27919
What are the prime factors of 271133965?
5, 37, 251, 5839
What are the prime factors of 47901092?
2, 11975273
List the prime factors of 244480677.
3, 7, 11641937
What are the prime factors of 2220812545?
5, 7, 293, 30937
What are the prime factors of 123938780?
2, 5, 7, 251, 3527
List the prime factors of 48221853.
3, 1327, 12113
List the prime factors of 195513965.
5, 227, 172259
List the prime factors of 203924214.
2, 3, 13, 17, 51263
What are the prime factors of 5712816181?
199, 28707619
List the prime factors of 34223491.
71, 482021
What are the prime factors of 16706392?
2, 449, 4651
List the prime factors of 1435778822.
2, 717889411
List the prime factors of 55945922.
2, 27972961
List the prime factors of 72001208.
2, 1823, 4937
List the prime factors of 258566278.
2, 129283139
List the prime factors of 1284259072.
2, 31, 41, 3947
What are the prime factors of 84550390?
2, 5, 2287, 3697
List the prime factors of 160247260.
2, 5, 8012363
List the prime factors of 588174177.
3, 17, 2699, 4273
What are the prime factors of 334357809?
3, 43, 2591921
What are the prime factors of 61302081?
3, 37, 552271
What are the prime factors of 265439414?
2, 132719707
What are the prime factors of 5281964611?
7, 11, 7457, 9199
List the prime factors of 689415667.
689415667
List the prime factors of 62974314.
2, 3, 13, 109, 823
List the prime factors of 1093843849.
7, 151, 1034857
List the prime factors of 152110464.
2, 3, 11, 36011
What are the prime factors of 2734518360?
2, 3, 5, 7, 3255379
List the prime factors of 387148951.
7, 977, 8087
What are the prime factors of 77033259?
3, 107, 167, 479
List the prime factors of 974823660.
2, 3, 5, 79, 2539
What are the prime factors of 85858044?
2, 3, 7154837
What are the prime factors of 46169107?
19, 2429953
What are the prime factors of 48240541?
48240541
List the prime factors of 4858174772.
2, 11, 29, 97, 39251
What are the prime factors of 205149263?
11, 2003, 9311
What are the prime factors of 907902618?
2, 3, 7, 21616729
What are the prime factors of 32694233?
11, 13, 43, 409
List the prime factors of 507761841.
3, 29, 37, 157739
List the prime factors of 2342702404.
2, 7, 47, 1780169
What are the prime factors of 58980037?
701, 84137
List the prime factors of 171123206.
2, 71, 1205093
What are the prime factors of 15750899?
757, 20807
What are the prime factors of 47354944?
2, 7, 13, 47, 173
List the prime factors of 414880611.
3, 3407, 40591
What are the prime factors of 1478480975?
5, 5849, 10111
What are the prime factors of 205556335?
5, 67, 379, 1619
What are the prime factors of 147883303?
53, 2790251
List the prime factors of 5223593.
31, 167, 1009
What are the prime factors of 1341625165?
5, 41, 199, 32887
List the prime factors of 5396912.
2, 19, 41, 433
List the prime factors of 848814164.
2, 11, 19291231
List the prime factors of 231123639.
3, 1097, 70229
What are the prime factors of 1692273802?
2, 846136901
What are the prime factors of 2595736336?
2, 73, 2222377
What are the prime factors of 95938570?
2, 5, 7, 13, 15061
List the prime factors of 342788941.
11, 23, 1061, 1277
List the prime factors of 84945041.
84945041
What are the prime factors of 209453409?
3, 11, 137, 15443
List the prime factors of 15159562.
2, 11, 689071
List the prime factors of 20772602.
2, 59, 401, 439
List the prime factors of 1042658283.
3, 181, 421, 4561
What are the prime factors of 42635568?
2, 3, 29, 109, 281
What are the prime factors of 50767400?
2, 5, 29, 8753
What are the prime factors of 1415301785?
5, 43, 6582799
List the prime factors of 215622806.
2, 7, 15401629
List the prime factors of 93191927.
93191927
List the prime factors of 1055732799.
3, 11, 103, 131, 2371
What are the prime factors of 18800877?
3, 1109, 5651
List the prime factors of 239945403.
3, 79981801
What are the prime factors of 223168191?
3, 97, 766901
What are the prime factors of 248438552?
2, 167, 185957
What are the prime factors of 266063974?
2, 11, 17, 617, 1153
What are the prime factors of 510681119?
13, 163, 401, 601
List the prime factors of 38040199.
29, 97, 13523
List the prime factors of 40829763.
3, 13, 1046917
What are the prime factors of 16556213?
167, 99139
List the prime factors of 1845755564.
2, 43, 107, 100291
List the prime factors of 52668913.
11, 4788083
What are the prime factors of 1652846365?
5, 330569273
What are the prime factors of 1601754902?
2, 11, 43, 1693187
List the prime factors of 40304539.
11, 53, 257, 269
What are the prime factors of 801465715?
5, 160293143
List the prime factors of 161194292.
2, 7, 5756939
What are the prime factors of 1332276811?
3359, 396629
List the prime factors of 100431268.
2, 7, 709, 5059
What are the prime factors of 697523988?
2, 3, 7, 8303857
What are the prime factors of 220670838?
2, 3, 359, 11383
List the prime factors of 996827237.
7, 29, 701497
What are the prime factors of 4374575847?
3, 17, 29, 241, 4091
List the prime factors of 66249497.
103, 643199
List the prime factors of 282176655.
3, 5, 107, 175811
List the prime factors of 2575480791.
3, 13, 66037969
List the prime factors of 33091931.
33091931
What are the prime factors of 68531089?
11, 29, 214831
List the prime factors of 63209164.
2, 79, 200029
What are the prime factors of 24601089?
3, 8200363
List the prime factors of 57703376.
2, 3606461
List the prim